ors of d - ((-1 - 1) + -13).
3, 5
Suppose 4*l = -l + 50. Suppose -3*k + o - l = -0*o, 0 = 4*k - 5*o + 17. Let h = 6 + k. What are the prime factors of h?
3
Let d(k) be the second derivative of -k**5/20 + 13*k**4/12 - 11*k**3/6 + 4*k**2 + 2*k. What are the prime factors of d(12)?
2, 5
Suppose 0 = 4*q + q + 5*u - 65, -2*u - 2 = 0. List the prime factors of q.
2, 7
Suppose 0 = -4*v + 5*r - 96, -4*v = -0*v - r + 80. Let x = 31 + v. List the prime factors of x.
2, 3
Let j = -12 + 14. Suppose 0*z = 3*u + 4*z - 68, 0 = -j*z - 8. List the prime factors of u.
2, 7
Suppose 4*k = -v + 12, 4*v - 1 = k - 4. Suppose x + k*u = 16, -x + 5*u + 54 = 14. List the prime factors of x.
5
Let t(u) = u**2 - 6*u - 10. Suppose 5*x = 2*k - 2 - 9, -5*x + 45 = 5*k. What are the prime factors of t(k)?
2, 3
Let i be (-1)/5 - 2/(-10). Let j = i - -5. What are the prime factors of j?
5
Let x be (-1 + 1 - 1) + 43. Suppose -u - u = x. Let a = 30 + u. What are the prime factors of a?
3
Let j(d) = -3 + 3 + 2*d + 6*d**2 - 2. Let p be j(2). Suppose 70 = 5*i + 5*m, 0 = -3*i - 5*m + p + 20. What are the prime factors of i?
2, 3
Let o be (0 - 1) + -13 + 0. Let j be (o/8)/(3/(-12)). Suppose -2*i + j*i = 20. List the prime factors of i.
2
Suppose -5*q + 4*q + 32 = 0. Suppose -v = 3*y - 34, -84 = -5*y + 3*v - q. What are the prime factors of y?
11
Let q = -10 - -91. List the prime factors of q.
3
Let a(v) = -v - 1. Let b be a(-4). Let d be (10/4)/(-5)*-12. Let w = d - b. What are the prime factors of w?
3
Suppose -2*s + 20 = -4*y, -s + 5*y = -3*s + 11. Let c(d) = d**3 - 8*d**2 + d - 9. Let x be c(s). What are the prime factors of (0 + x - 2) + 11?
2
Suppose 3 = -m, -2*s + m = 48 + 5. Let k be (-72)/(-3)*2/(-3). Let q = k - s. List the prime factors of q.
2, 3
Let v = -76 - -146. List the prime factors of v.
2, 5, 7
Suppose -160 = -2*a - 2*a. Let r = a + -26. List the prime factors of r.
2, 7
What are the prime factors of 26/(5/(-70)*-2)?
2, 7, 13
Suppose 3*j + 2*z + 1 = 0, -3*j - 5*z = -10 + 26. Suppose p + 28 = j*p. List the prime factors of p.
2, 7
Let l(s) = -s**2 - 6*s - 3. Let y be 4*(-2 - (-6)/8). List the prime factors of l(y).
2
Let r be (3 - 0) + -5 + 23. Let b = -14 + r. List the prime factors of b.
7
Let v be -1*(-2 - 2*-1). Let j be 2/6*(3 + v). Let b = 13 - j. List the prime factors of b.
2, 3
Suppose 4*y - 40 = 104. List the prime factors of y.
2, 3
Let l(h) = -h + 2. Let d(f) = f + 1. Let n be d(-1). List the prime factors of l(n).
2
Suppose -3*b = -13 + 4. Suppose j = -b*j + 44. List the prime factors of j.
11
Suppose h = -2*y + 5*y + 33, -5*y - 10 = 0. List the prime factors of h.
3
Let i(d) = -d**2 - 21*d + 13. List the prime factors of i(-16).
3, 31
Let u = 54 + -46. List the prime factors of u.
2
Let l be 6/(-15) - 6/10. What are the prime factors of (1 - l - 3) + 9?
2
Suppose 44 = 2*b + 10. Let f(a) = a**2 - 4*a + 2. Let t be f(4). Suppose -s + 3*s = -l + 19, s + t*l - b = 0. List the prime factors of s.
7
Let u(g) = 7*g + 1. Let x be u(2). Suppose -5*v + 0 + x = 0. What are the prime factors of v?
3
Suppose 2*h - 6*h + 16 = 0. Let a(t) = -t + 6. What are the prime factors of a(h)?
2
Let n(y) = 8*y - 5. Let c(h) = 7*h - 4. Let j(w) = -6*c(w) + 5*n(w). Suppose -2 = 2*l + 4*a - 2*a, -2*l - 4*a + 4 = 0. What are the prime factors of j(l)?
7
Suppose 3*c - 536 = -2*r + 103, 3*r - 639 = -3*c. List the prime factors of c.
3, 71
Let n = 54 - -73. What are the prime factors of n?
127
Let u(m) = -m**2 + 2*m - 2. Suppose -4*k = -2*k + 6. Let v be u(k). Let x = v - -25. List the prime factors of x.
2
Suppose -42 + 2 = -4*j. Suppose j = 4*b + 30. Let c(v) = v**2 + 2*v - 6. List the prime factors of c(b).
3
Suppose -5*m - 2*f - 1 = -6*f, 4*m + 4 = 4*f. Let a be (-4)/((-8)/(-1))*0/3. Let r = a + m. List the prime factors of r.
3
Let f(c) = 16*c - 9. List the prime factors of f(4).
5, 11
Let m = 14 + -10. Suppose -m*z = -c - 3*c + 96, -78 = -3*c + 5*z. What are the prime factors of c?
3, 7
Let j(l) = 7*l**2 + 4*l + 3. List the prime factors of j(-3).
2, 3
Let p = 6 - 1. Suppose p*v = 3*v + 16. What are the prime factors of v?
2
Suppose -124 = -3*k - 2*w, -k = -3*w + 6*w - 53. List the prime factors of k.
2, 19
Let n be -1 - -2 - (-8 - 15). Suppose -3*a - 20 = -3*l - 2*a, 4*l - n = 2*a. What are the prime factors of l?
2
Let u be -1*(-4 - (1 - -2)). Suppose -4*z - 3*l = -53, 0 = -3*l - u + 16. What are the prime factors of z?
11
Let g(v) = -v**3 + 8*v**2 - 7*v + 5. Suppose 3*s + 4*q - 11 = 0, 4*s + 0*s - q - 21 = 0. Let m be g(s). List the prime factors of (-3 - (-10)/3)*m.
3, 5
Let p be (45/4)/(3/12). Suppose 4*d = 9*d + p. Let s = 18 + d. What are the prime factors of s?
3
Suppose -6*n = -n + 10. Let k = 5 - 3. Let b = k - n. List the prime factors of b.
2
Let u(n) = -n**2 - 4*n - 1. Let r be u(-3). Let m be (-7)/(-14) + 9/r. Suppose 0 = 2*w - 4*w - 5*c + 8, 5*w + m*c = 35. What are the prime factors of w?
3
Let i(t) = t**3 + 4*t**2 + 4*t + 7. Let q(y) = 2*y**3 + 7*y**2 + 9*y + 14. Let s(k) = -5*i(k) + 2*q(k). What are the prime factors of s(-6)?
5
Let g = -550 - -931. List the prime factors of g.
3, 127
Let g(k) = -k**2 - 12*k + 5. What are the prime factors of g(-6)?
41
What are the prime factors of 45/(-18)*-1*12?
2, 3, 5
Let u(c) = -2*c. Let d(r) = -r. Let j(l) = 5*d(l) - 4*u(l). Let x be j(1). Suppose -5*q + 22 = 4*o, 3*q - o = -x*o + 12. What are the prime factors of q?
2
Let x = 136 + -88. Suppose 7*t = 3*t + x. List the prime factors of t.
2, 3
Let f(r) = 4*r**2 + r - 2. Let c be f(2). List the prime factors of 4/c + (-11)/(-4).
3
Let q(p) = 13*p**3 + 2*p**2 - p. What are the prime factors of q(2)?
2, 5, 11
Let b be 4/((3/2)/3). Let a(x) = x**2 - 7*x + 3. What are the prime factors of a(b)?
11
Let j(l) = 4*l**2 + 2*l - 1. Let k be (2 + -1)/(1/(-2)). What are the prime factors of j(k)?
11
Let h(f) = f**2 - 8*f + 2. Suppose 7 = -2*x + 25. What are the prime factors of h(x)?
11
Suppose -5*r - 23 = 2. Let w be 0/1 + (-2 - r). Suppose v + 5*b - 17 = 0, -10 = -w*b - 2*b. List the prime factors of v.
7
Suppose -5*r - 2*b = b - 633, -278 = -2*r + 5*b. What are the prime factors of r?
3, 43
Let i = -264 + 649. List the prime factors of i.
5, 7, 11
Suppose 2*d = -2*k + 30, 4*k - 58 = -0*k - 2*d. What are the prime factors of k?
2, 7
Suppose 0 = -r - 4*r. Suppose -4*y - m - 1 - 50 = 0, r = 5*y + 3*m + 69. List the prime factors of 2/(2 + 21/y).
2
Let r(x) = 2*x**2 - 2*x + 10. List the prime factors of r(-6).
2, 47
Let n(i) = -2*i + 2. Let l be n(2). What are the prime factors of 33/(-6)*l + 0?
11
Let x(n) = n - 11. Let a(l) = l - 11. Let y = 7 + -3. Let d(k) = y*a(k) - 5*x(k). What are the prime factors of d(0)?
11
List the prime factors of (-28)/3*63/(-12).
7
Let i be (-8)/(-44) - (-730)/(-22). Let a = -18 - i. What are the prime factors of a?
3, 5
Suppose m - 5*y + 0*y = 47, -4 = 4*y. List the prime factors of m.
2, 3, 7
Suppose 6*w - 5*w = 0. Suppose 4*r = -w*r + 64. Suppose -4*t + r + 16 = 0. List the prime factors of t.
2
Let s = -3 + -3. Let h = s + 14. What are the prime factors of h?
2
Suppose 2*r + 2*r = 236. List the prime factors of r.
59
Let p = -49 - -77. Let z be 6/(-21) - 2/(-7). Suppose z*q - p = -2*q. List the prime factors of q.
2, 7
Suppose 0 = -0*p + p - 13. List the prime factors of p - (3/(-3) + -1).
3, 5
Suppose -4*z - 42 + 121 = 5*a, -2*a = -z + 23. Suppose 0 = -s + 12. Let j = z - s. List the prime factors of j.
3
Let z(m) = 4*m**2 + 6*m - 2*m**2 + 2*m + 0*m. Let p be z(-6). What are the prime factors of p/(-18)*3/(-2)?
2
Let b(w) = -13*w**2 - 5*w - 7. Let u(q) = 6*q**2 + 2*q + 3. Let s(g) = 4*b(g) + 9*u(g). What are the prime factors of s(2)?
3
Let n = 5 + 5. List the prime factors of 8/n*100/5.
2
Suppose 3*n - n - 68 = 0. Let p = n + 13. What are the prime factors of p?
47
Suppose -3*v + 49 = 2*z - 2*v, -130 = -5*z + 5*v. Let t = z + -15. List the prime factors of t.
2, 5
Let f(o) = 110*o - 3. What are the prime factors of f(3)?
3, 109
Suppose 4*j + 25 = -j. Let o = j - -7. Let v(r) = 3*r**2 - 2*r + 1. List the prime factors of v(o).
3
Suppose 93 = -h + 4*h. List the prime factors of (4 - 3)*(0 + h).
31
Suppose 0 = -4*d + 3 - 19, 5*d + 28 = 2*a. Let v = 1 + -3. What are the prime factors of v/(-3)*90/a?
3, 5
Suppose 0*f - 3*f + 9 = 0. Let l be (-4)/(-6)